{"id":70,"date":"2020-09-28T15:38:39","date_gmt":"2020-09-28T13:38:39","guid":{"rendered":"http:\/\/meiji.immo\/?page_id=70"},"modified":"2024-07-03T05:56:00","modified_gmt":"2024-07-03T03:56:00","slug":"expansion","status":"publish","type":"page","link":"https:\/\/meiji.immo\/index.php\/expansion\/","title":{"rendered":"Expansion"},"content":{"rendered":"<h1><strong>Enseignes nationales &nbsp;ou r\u00e9gionales, dans le Grand&nbsp;Ouest&nbsp;, MEIJI IMMO vous accompagne dans toutes les \u00e9tapes de votre expansion &nbsp;<\/strong><\/h1>\n<p><strong><em>&nbsp;<\/em><\/strong><\/p>\n<h2 style=\"font-style: normal;text-align: center\">NOTRE PRESTATION&nbsp;<\/h2>\n<h1><b>&#8211; <\/b>Analyse du march\u00e9 et son environnement<br \/>\n&#8211; Prospection fonci\u00e8re ou recherche de &nbsp;locaux<br \/>\n&#8211; N\u00e9gociation des conditions financi\u00e8res et juridiques<br \/>\n&#8211; Suivi avec le client de la formalisation des accords<br \/>\n&#8211; Suivi des autorisations administratives<\/h1>\n<figure><img decoding=\"async\" src=\"https:\/\/meiji.immo\/wp-content\/uploads\/2020\/11\/architecture-906737_1920-150x150.jpg\" alt=\"architecture-906737_1920\"><\/figure>\n<figure><img decoding=\"async\" src=\"https:\/\/meiji.immo\/wp-content\/uploads\/2020\/11\/architecture-1857175_1920-150x150.jpg\" alt=\"architecture-1857175_1920\"><\/figure>\n<figure><img decoding=\"async\" src=\"https:\/\/meiji.immo\/wp-content\/uploads\/2020\/11\/architect-3979490_1920-150x150.jpg\" alt=\"architect-3979490_1920\"><\/figure>\n<p>Pr\u00e9c\u00e9dent<br \/>\nSuivant<br \/>\n<img decoding=\"async\" width=\"790\" height=\"590\" src=\"https:\/\/meiji.immo\/wp-content\/uploads\/2021\/01\/Capture-decran-2021-01-26-a-15.36.24-1024x765.png\" alt=\"\" loading=\"lazy\"><\/p>\n<h2><strong>NOS ATOUTS<\/strong><\/h2>\n<h4><em>25 ann\u00e9es d&#8217;exp\u00e9rience dans l&#8217;expansion de r\u00e9seaux de distribution, le d\u00e9veloppement immobilier d&#8217;enseignes et la gestion op\u00e9rationnelle d&#8217;actifs&nbsp;<\/em><\/h4>\n<h4><em>Une expertise territoriale des march\u00e9s retail food\/no food, des centres commerciaux, des fonci\u00e8res, &#8230;<\/em><\/h4>\n<p>\/*99586587347*\/<\/p>\n","protected":false},"excerpt":{"rendered":"<p>Enseignes nationales &nbsp;ou r\u00e9gionales, dans le Grand&nbsp;Ouest&nbsp;, MEIJI IMMO vous accompagne dans toutes les \u00e9tapes de votre expansion &nbsp; &nbsp; NOTRE PRESTATION&nbsp; &#8211; Analyse du march\u00e9 et son environnement &#8211; Prospection fonci\u00e8re ou recherche de &nbsp;locaux &#8211; N\u00e9gociation des conditions financi\u00e8res et juridiques &#8211; Suivi avec le client de la&hellip; <\/p>\n","protected":false},"author":1,"featured_media":0,"parent":0,"menu_order":0,"comment_status":"closed","ping_status":"closed","template":"","meta":{"_eb_attr":"","footnotes":""},"class_list":["post-70","page","type-page","status-publish","hentry"],"_links":{"self":[{"href":"https:\/\/meiji.immo\/index.php\/wp-json\/wp\/v2\/pages\/70","targetHints":{"allow":["GET"]}}],"collection":[{"href":"https:\/\/meiji.immo\/index.php\/wp-json\/wp\/v2\/pages"}],"about":[{"href":"https:\/\/meiji.immo\/index.php\/wp-json\/wp\/v2\/types\/page"}],"author":[{"embeddable":true,"href":"https:\/\/meiji.immo\/index.php\/wp-json\/wp\/v2\/users\/1"}],"replies":[{"embeddable":true,"href":"https:\/\/meiji.immo\/index.php\/wp-json\/wp\/v2\/comments?post=70"}],"version-history":[{"count":54,"href":"https:\/\/meiji.immo\/index.php\/wp-json\/wp\/v2\/pages\/70\/revisions"}],"predecessor-version":[{"id":791,"href":"https:\/\/meiji.immo\/index.php\/wp-json\/wp\/v2\/pages\/70\/revisions\/791"}],"wp:attachment":[{"href":"https:\/\/meiji.immo\/index.php\/wp-json\/wp\/v2\/media?parent=70"}],"curies":[{"name":"wp","href":"https:\/\/api.w.org\/{rel}","templated":true}]}}