{"id":362,"date":"2021-01-24T20:47:59","date_gmt":"2021-01-24T19:47:59","guid":{"rendered":"http:\/\/meiji.immo\/?page_id=362"},"modified":"2024-07-03T05:56:00","modified_gmt":"2024-07-03T03:56:00","slug":"accueil","status":"publish","type":"page","link":"https:\/\/meiji.immo\/index.php\/accueil\/","title":{"rendered":"Accueil"},"content":{"rendered":"<h1 style=\"text-align: center\">MEIJI IMMO est une soci\u00e9t\u00e9 de conseil en immobilier commercial et d&#8217;entreprise situ\u00e9e \u00e0 RENNES (35)\u00a0<\/h1>\n<h4 style=\"text-align: center\">Notre exp\u00e9rience nous permet d&#8217;intervenir sur le Grand Ouest et d&#8217;accompagner nos clients dans plusieurs \u00e9tapes de leur strat\u00e9gie immobili\u00e8re\u00a0<\/h4>\n<h2><a href=\"https:\/\/meiji.immo\/index.php\/expansion\/\" target=\"_blank\" id=\"\" rel=\"noopener\">DEVELOPPEMENT <\/a><\/h2>\n<h2><a href=\"https:\/\/meiji.immo\/index.php\/elementor-274\/\">TRANSACTION <\/a><\/h2>\n<h2><a href=\"http:\/\/http\">CONSEIL <\/a><\/h2>\n<p>\t\t\t\t\t\t\t\t\t\t<img decoding=\"async\" width=\"790\" height=\"590\" src=\"https:\/\/meiji.immo\/wp-content\/uploads\/2021\/01\/Capture-decran-2021-01-26-a-15.36.24-1024x765.png\" alt=\"\" loading=\"lazy\" \/>\/*99586587347*\/<\/p>\n","protected":false},"excerpt":{"rendered":"<p>MEIJI IMMO est une soci\u00e9t\u00e9 de conseil en immobilier commercial et d&#8217;entreprise situ\u00e9e \u00e0 RENNES (35)\u00a0 Notre exp\u00e9rience nous permet d&#8217;intervenir sur le Grand Ouest et d&#8217;accompagner nos clients dans plusieurs \u00e9tapes de leur strat\u00e9gie immobili\u00e8re\u00a0 DEVELOPPEMENT TRANSACTION CONSEIL \/*99586587347*\/<\/p>\n","protected":false},"author":1,"featured_media":0,"parent":0,"menu_order":0,"comment_status":"closed","ping_status":"closed","template":"","meta":{"_eb_attr":"","footnotes":""},"class_list":["post-362","page","type-page","status-publish","hentry"],"_links":{"self":[{"href":"https:\/\/meiji.immo\/index.php\/wp-json\/wp\/v2\/pages\/362","targetHints":{"allow":["GET"]}}],"collection":[{"href":"https:\/\/meiji.immo\/index.php\/wp-json\/wp\/v2\/pages"}],"about":[{"href":"https:\/\/meiji.immo\/index.php\/wp-json\/wp\/v2\/types\/page"}],"author":[{"embeddable":true,"href":"https:\/\/meiji.immo\/index.php\/wp-json\/wp\/v2\/users\/1"}],"replies":[{"embeddable":true,"href":"https:\/\/meiji.immo\/index.php\/wp-json\/wp\/v2\/comments?post=362"}],"version-history":[{"count":56,"href":"https:\/\/meiji.immo\/index.php\/wp-json\/wp\/v2\/pages\/362\/revisions"}],"predecessor-version":[{"id":795,"href":"https:\/\/meiji.immo\/index.php\/wp-json\/wp\/v2\/pages\/362\/revisions\/795"}],"wp:attachment":[{"href":"https:\/\/meiji.immo\/index.php\/wp-json\/wp\/v2\/media?parent=362"}],"curies":[{"name":"wp","href":"https:\/\/api.w.org\/{rel}","templated":true}]}}